{"id":170,"date":"2024-12-03T11:27:21","date_gmt":"2024-12-03T11:27:21","guid":{"rendered":"https:\/\/vellingevaxer.nu\/?page_id=170"},"modified":"2024-12-03T11:30:52","modified_gmt":"2024-12-03T11:30:52","slug":"stor-satsning-pa-ny-stadsdel-med-bostader-park-och-rekreationsomraden","status":"publish","type":"page","link":"https:\/\/vellingevaxer.nu\/index.php\/stor-satsning-pa-ny-stadsdel-med-bostader-park-och-rekreationsomraden\/","title":{"rendered":"Stor satsning p\u00e5 ny stadsdel med bost\u00e4der, park och rekreationsomr\u00e5den"},"content":{"rendered":"\t\t<div data-elementor-type=\"wp-page\" data-elementor-id=\"170\" class=\"elementor elementor-170\" data-elementor-post-type=\"page\">\n\t\t\t\t\t\t<section class=\"elementor-section elementor-top-section elementor-element elementor-element-131cb483 elementor-section-boxed elementor-section-height-default elementor-section-height-default\" data-id=\"131cb483\" data-element_type=\"section\" data-e-type=\"section\">\n\t\t\t\t\t\t<div class=\"elementor-container elementor-column-gap-no\">\n\t\t\t\t\t<div class=\"elementor-column elementor-col-100 elementor-top-column elementor-element elementor-element-4db44390\" data-id=\"4db44390\" data-element_type=\"column\" data-e-type=\"column\">\n\t\t\t<div class=\"elementor-widget-wrap elementor-element-populated\">\n\t\t\t\t\t\t<div class=\"elementor-element elementor-element-c918745 elementor-widget elementor-widget-image\" data-id=\"c918745\" data-element_type=\"widget\" data-e-type=\"widget\" data-widget_type=\"image.default\">\n\t\t\t\t<div class=\"elementor-widget-container\">\n\t\t\t\t\t\t\t\t\t\t\t\t\t\t\t<img fetchpriority=\"high\" decoding=\"async\" width=\"2080\" height=\"1386\" src=\"https:\/\/vellingevaxer.nu\/wp-content\/uploads\/2024\/12\/vellinge-parkby-obos.webp\" class=\"attachment-full size-full wp-image-132\" alt=\"\" srcset=\"https:\/\/vellingevaxer.nu\/wp-content\/uploads\/2024\/12\/vellinge-parkby-obos.webp 2080w, https:\/\/vellingevaxer.nu\/wp-content\/uploads\/2024\/12\/vellinge-parkby-obos-300x200.webp 300w, https:\/\/vellingevaxer.nu\/wp-content\/uploads\/2024\/12\/vellinge-parkby-obos-1024x682.webp 1024w, https:\/\/vellingevaxer.nu\/wp-content\/uploads\/2024\/12\/vellinge-parkby-obos-768x512.webp 768w, https:\/\/vellingevaxer.nu\/wp-content\/uploads\/2024\/12\/vellinge-parkby-obos-1536x1024.webp 1536w, https:\/\/vellingevaxer.nu\/wp-content\/uploads\/2024\/12\/vellinge-parkby-obos-2048x1365.webp 2048w\" sizes=\"(max-width: 2080px) 100vw, 2080px\" \/>\t\t\t\t\t\t\t\t\t\t\t\t\t\t\t<\/div>\n\t\t\t\t<\/div>\n\t\t\t\t<div class=\"elementor-element elementor-element-37acb1f5 elementor-widget elementor-widget-text-editor\" data-id=\"37acb1f5\" data-element_type=\"widget\" data-e-type=\"widget\" data-widget_type=\"text-editor.default\">\n\t\t\t\t<div class=\"elementor-widget-container\">\n\t\t\t\t\t\t\t\t\t<p>Vellinge Parkby \u00e4r ett av de st\u00f6rsta bostadsprojekten n\u00e5gonsin f\u00f6r Vellinge kommun, och innefattar ett 60-tal bost\u00e4der i blandade former. Det ska bli en gr\u00f6n sm\u00e5skalig stadsdel, s\u00e5 kallad tr\u00e4dg\u00e5rdsstad, med stora gr\u00f6nomr\u00e5den.<\/p>\t\t\t\t\t\t\t\t<\/div>\n\t\t\t\t<\/div>\n\t\t\t\t\t<\/div>\n\t\t<\/div>\n\t\t\t\t\t<\/div>\n\t\t<\/section>\n\t\t\t\t<section class=\"elementor-section elementor-top-section elementor-element elementor-element-1e250512 elementor-section-boxed elementor-section-height-default elementor-section-height-default\" data-id=\"1e250512\" data-element_type=\"section\" data-e-type=\"section\">\n\t\t\t\t\t\t<div class=\"elementor-container elementor-column-gap-no\">\n\t\t\t\t\t<div class=\"elementor-column elementor-col-100 elementor-top-column elementor-element elementor-element-245a3dec\" data-id=\"245a3dec\" data-element_type=\"column\" data-e-type=\"column\">\n\t\t\t<div class=\"elementor-widget-wrap elementor-element-populated\">\n\t\t\t\t\t\t<div class=\"elementor-element elementor-element-5fef3b1b elementor-widget elementor-widget-heading\" data-id=\"5fef3b1b\" data-element_type=\"widget\" data-e-type=\"widget\" data-widget_type=\"heading.default\">\n\t\t\t\t<div class=\"elementor-widget-container\">\n\t\t\t\t\t<h3 class=\"elementor-heading-title elementor-size-default\">Ny stadsdel<\/h3>\t\t\t\t<\/div>\n\t\t\t\t<\/div>\n\t\t\t\t<div class=\"elementor-element elementor-element-29a3290b elementor-widget elementor-widget-heading\" data-id=\"29a3290b\" data-element_type=\"widget\" data-e-type=\"widget\" data-widget_type=\"heading.default\">\n\t\t\t\t<div class=\"elementor-widget-container\">\n\t\t\t\t\t<h1 class=\"elementor-heading-title elementor-size-default\">Stor satsning p\u00e5 ny stadsdel med bost\u00e4der, park och rekreationsomr\u00e5den<\/h1>\t\t\t\t<\/div>\n\t\t\t\t<\/div>\n\t\t\t\t\t<\/div>\n\t\t<\/div>\n\t\t\t\t\t<\/div>\n\t\t<\/section>\n\t\t\t\t<section class=\"elementor-section elementor-top-section elementor-element elementor-element-5ea6d1d elementor-section-boxed elementor-section-height-default elementor-section-height-default\" data-id=\"5ea6d1d\" data-element_type=\"section\" data-e-type=\"section\">\n\t\t\t\t\t\t<div class=\"elementor-container elementor-column-gap-no\">\n\t\t\t\t\t<div class=\"elementor-column elementor-col-100 elementor-top-column elementor-element elementor-element-68ef84cd\" data-id=\"68ef84cd\" data-element_type=\"column\" data-e-type=\"column\">\n\t\t\t<div class=\"elementor-widget-wrap elementor-element-populated\">\n\t\t\t\t\t\t<div class=\"elementor-element elementor-element-5abbc2e6 elementor-widget elementor-widget-text-editor\" data-id=\"5abbc2e6\" data-element_type=\"widget\" data-e-type=\"widget\" data-widget_type=\"text-editor.default\">\n\t\t\t\t<div class=\"elementor-widget-container\">\n\t\t\t\t\t\t\t\t\t<p>En helt ny stadsdel \u2013 Vellinge Parkby \u2013 v\u00e4xer fram i nord\u00f6stra delen av Vellinge t\u00e4tort. Detalj\u00adplanen f\u00f6r omr\u00e5det vann laga kraft 2022, vilket \u00f6ppnar f\u00f6r cirka 600 nya bost\u00e4der i form av villor, stadsm\u00e4ssiga radhus och flerbostadshus. F\u00f6rebild \u00e4r det tidiga 1900-talets tr\u00e4dg\u00e5rdsst\u00e4der.<\/p>\t\t\t\t\t\t\t\t<\/div>\n\t\t\t\t<\/div>\n\t\t\t\t<div class=\"elementor-element elementor-element-58da64dc elementor-widget elementor-widget-text-editor\" data-id=\"58da64dc\" data-element_type=\"widget\" data-e-type=\"widget\" data-widget_type=\"text-editor.default\">\n\t\t\t\t<div class=\"elementor-widget-container\">\n\t\t\t\t\t\t\t\t\t<p>Text: Anders Post<br \/>Visionsbild: OBOS och Nordr<\/p>\t\t\t\t\t\t\t\t<\/div>\n\t\t\t\t<\/div>\n\t\t\t\t<div class=\"elementor-element elementor-element-783bc42b elementor-drop-cap-yes elementor-drop-cap-view-default elementor-widget elementor-widget-text-editor\" data-id=\"783bc42b\" data-element_type=\"widget\" data-e-type=\"widget\" data-settings=\"{&quot;drop_cap&quot;:&quot;yes&quot;}\" data-widget_type=\"text-editor.default\">\n\t\t\t\t<div class=\"elementor-widget-container\">\n\t\t\t\t\t\t\t\t\t<p>V<span class=\"s1\"><b>ellinge Parkby \u00e4r <\/b><\/span>ett av de st\u00f6rsta utbyggnadsprojekten som kommunen haft sedan 70-talet, s\u00e4ger Per Lindqvist som \u00e4r exploateringsingenj\u00f6r p\u00e5 Vellinge kommun.<\/p><p class=\"p3\"><b><i>Hur ser l\u00e4get ut just nu?<br \/><\/i><\/b>\u2013 Vi h\u00e5ller p\u00e5 att bygga ut den f\u00f6rsta av tv\u00e5 huvudetapper som planomr\u00e5det \u00e4r indelat i. Det som g\u00f6rs nu, och som vi snart \u00e4r f\u00e4rdiga med, innefattar markberedning med bland annat bygator, infrastruktur och VA-dragningar. Kring \u00e5rsskiftet kan byggentrepren\u00f6rerna komma in i omr\u00e5det och b\u00f6rja bygga.<\/p><p class=\"p4\">De f\u00f6rsta bost\u00e4derna uppf\u00f6rs i den v\u00e4stra delen av omr\u00e5det. F\u00f6rebild \u00e4r den genuina sm\u00e5staden och det tidiga 1900-talets tr\u00e4dg\u00e5rdsst\u00e4der.<\/p><p class=\"p4\">\u2013 I omr\u00e5det kommer det att bli en stor stadsdelspark, \u00f6ppen f\u00f6r alla i Vellinge och d\u00e4r man bland annat tar till vara en gammal fruktlund i anslutning till ursprungsg\u00e5rden. Vidare planeras lekplats och iordningst\u00e4llande av stora rekreationsomr\u00e5den. Sj\u00e4lva parken kommer att invigas i slutet av n\u00e4sta \u00e5r, ber\u00e4ttar Per Lindqvist.<\/p>\t\t\t\t\t\t\t\t<\/div>\n\t\t\t\t<\/div>\n\t\t\t\t\t<\/div>\n\t\t<\/div>\n\t\t\t\t\t<\/div>\n\t\t<\/section>\n\t\t\t\t<section class=\"elementor-section elementor-top-section elementor-element elementor-element-7718f65 elementor-section-boxed elementor-section-height-default elementor-section-height-default\" data-id=\"7718f65\" data-element_type=\"section\" data-e-type=\"section\">\n\t\t\t\t\t\t<div class=\"elementor-container elementor-column-gap-no\">\n\t\t\t\t\t<div class=\"elementor-column elementor-col-100 elementor-top-column elementor-element elementor-element-2610587b\" data-id=\"2610587b\" data-element_type=\"column\" data-e-type=\"column\">\n\t\t\t<div class=\"elementor-widget-wrap elementor-element-populated\">\n\t\t\t\t\t\t<div class=\"elementor-element elementor-element-38127013 elementor-widget elementor-widget-image\" data-id=\"38127013\" data-element_type=\"widget\" data-e-type=\"widget\" data-widget_type=\"image.default\">\n\t\t\t\t<div class=\"elementor-widget-container\">\n\t\t\t\t\t\t\t\t\t\t\t\t\t\t\t<img decoding=\"async\" width=\"2080\" height=\"1386\" src=\"https:\/\/vellingevaxer.nu\/wp-content\/uploads\/2024\/12\/vellinge-parkby-nordr.webp\" class=\"attachment-full size-full wp-image-131\" alt=\"\" srcset=\"https:\/\/vellingevaxer.nu\/wp-content\/uploads\/2024\/12\/vellinge-parkby-nordr.webp 2080w, https:\/\/vellingevaxer.nu\/wp-content\/uploads\/2024\/12\/vellinge-parkby-nordr-300x200.webp 300w, https:\/\/vellingevaxer.nu\/wp-content\/uploads\/2024\/12\/vellinge-parkby-nordr-1024x682.webp 1024w, https:\/\/vellingevaxer.nu\/wp-content\/uploads\/2024\/12\/vellinge-parkby-nordr-768x512.webp 768w, https:\/\/vellingevaxer.nu\/wp-content\/uploads\/2024\/12\/vellinge-parkby-nordr-1536x1024.webp 1536w, https:\/\/vellingevaxer.nu\/wp-content\/uploads\/2024\/12\/vellinge-parkby-nordr-2048x1365.webp 2048w\" sizes=\"(max-width: 2080px) 100vw, 2080px\" \/>\t\t\t\t\t\t\t\t\t\t\t\t\t\t\t<\/div>\n\t\t\t\t<\/div>\n\t\t\t\t<div class=\"elementor-element elementor-element-459d3ea7 elementor-widget elementor-widget-text-editor\" data-id=\"459d3ea7\" data-element_type=\"widget\" data-e-type=\"widget\" data-widget_type=\"text-editor.default\">\n\t\t\t\t<div class=\"elementor-widget-container\">\n\t\t\t\t\t\t\t\t\t<p>Fastighetsutvecklarna Nordr och OBOS kommer att dela p\u00e5 utbyggnaden av Vellinge Parkby. Det blir blandad bebyggelse i form av villor, radhus och flerbostadshus. \u00d6vre bilden visar delar av OBOS planerade bost\u00e4der, medan den nedre bilden visar ett kvarter som Nordr bygger till sommaren.<\/p>\t\t\t\t\t\t\t\t<\/div>\n\t\t\t\t<\/div>\n\t\t\t\t\t<\/div>\n\t\t<\/div>\n\t\t\t\t\t<\/div>\n\t\t<\/section>\n\t\t\t\t<section class=\"elementor-section elementor-top-section elementor-element elementor-element-6e5ea926 elementor-section-boxed elementor-section-height-default elementor-section-height-default\" data-id=\"6e5ea926\" data-element_type=\"section\" data-e-type=\"section\">\n\t\t\t\t\t\t<div class=\"elementor-container elementor-column-gap-no\">\n\t\t\t\t\t<div class=\"elementor-column elementor-col-100 elementor-top-column elementor-element elementor-element-144b48d8\" data-id=\"144b48d8\" data-element_type=\"column\" data-e-type=\"column\">\n\t\t\t<div class=\"elementor-widget-wrap elementor-element-populated\">\n\t\t\t\t\t\t<div class=\"elementor-element elementor-element-7d11706f elementor-widget elementor-widget-text-editor\" data-id=\"7d11706f\" data-element_type=\"widget\" data-e-type=\"widget\" data-widget_type=\"text-editor.default\">\n\t\t\t\t<div class=\"elementor-widget-container\">\n\t\t\t\t\t\t\t\t\t<p class=\"p1\"><span class=\"s1\"><b>En viktig del <\/b><\/span>av projektet \u00e4r att ta v\u00e4l hand om dagvatten och skyfall inom omr\u00e5det.<\/p><p class=\"p2\">\u2013 I takt med att klimatet f\u00f6r\u00e4ndras och kraven h\u00e5rdnar, s\u00e5 beh\u00f6ver kommunen ta ett allt st\u00f6rre ansvar f\u00f6r dagvatten inom v\u00e5ra exploateringsomr\u00e5den. I projektet med Vellinge Parkby kr\u00e4vs tv\u00e5 st\u00f6rre dagvattendammar inom omr\u00e5det. Dammarna utformas som multifunktioner och ska kunna vara tillg\u00e4ngliga f\u00f6r allm\u00e4nheten n\u00e4r det inte regnar, forts\u00e4tter Per Lindqvist.<\/p><p class=\"p2\">Vellinge kommun \u00e4ger tv\u00e5 tomter i omr\u00e5det. Dessa reserveras f\u00f6r kommande grundskoleverksamhet.<\/p>\t\t\t\t\t\t\t\t<\/div>\n\t\t\t\t<\/div>\n\t\t\t\t\t<\/div>\n\t\t<\/div>\n\t\t\t\t\t<\/div>\n\t\t<\/section>\n\t\t\t\t<section class=\"elementor-section elementor-top-section elementor-element elementor-element-6dd21a09 elementor-section-boxed elementor-section-height-default elementor-section-height-default\" data-id=\"6dd21a09\" data-element_type=\"section\" data-e-type=\"section\">\n\t\t\t\t\t\t<div class=\"elementor-container elementor-column-gap-no\">\n\t\t\t\t\t<div class=\"elementor-column elementor-col-100 elementor-top-column elementor-element elementor-element-197c1bb4\" data-id=\"197c1bb4\" data-element_type=\"column\" data-e-type=\"column\">\n\t\t\t<div class=\"elementor-widget-wrap elementor-element-populated\">\n\t\t\t\t\t\t<div class=\"elementor-element elementor-element-211f523 elementor-share-buttons--view-icon elementor-share-buttons--skin-minimal elementor-share-buttons--shape-circle elementor-share-buttons--color-custom elementor-grid-0 elementor-widget elementor-widget-share-buttons\" data-id=\"211f523\" data-element_type=\"widget\" data-e-type=\"widget\" data-widget_type=\"share-buttons.default\">\n\t\t\t\t<div class=\"elementor-widget-container\">\n\t\t\t\t\t\t\t<div class=\"elementor-grid\" role=\"list\">\n\t\t\t\t\t\t\t\t<div class=\"elementor-grid-item\" role=\"listitem\">\n\t\t\t\t\t\t<div class=\"elementor-share-btn elementor-share-btn_email\" role=\"button\" tabindex=\"0\" aria-label=\"Dela p\u00e5 email\">\n\t\t\t\t\t\t\t\t\t\t\t\t\t\t\t<span class=\"elementor-share-btn__icon\">\n\t\t\t\t\t\t\t\t<svg aria-hidden=\"true\" class=\"e-font-icon-svg e-fas-envelope\" viewBox=\"0 0 512 512\" xmlns=\"http:\/\/www.w3.org\/2000\/svg\"><path d=\"M502.3 190.8c3.9-3.1 9.7-.2 9.7 4.7V400c0 26.5-21.5 48-48 48H48c-26.5 0-48-21.5-48-48V195.6c0-5 5.7-7.8 9.7-4.7 22.4 17.4 52.1 39.5 154.1 113.6 21.1 15.4 56.7 47.8 92.2 47.6 35.7.3 72-32.8 92.3-47.6 102-74.1 131.6-96.3 154-113.7zM256 320c23.2.4 56.6-29.2 73.4-41.4 132.7-96.3 142.8-104.7 173.4-128.7 5.8-4.5 9.2-11.5 9.2-18.9v-19c0-26.5-21.5-48-48-48H48C21.5 64 0 85.5 0 112v19c0 7.4 3.4 14.3 9.2 18.9 30.6 23.9 40.7 32.4 173.4 128.7 16.8 12.2 50.2 41.8 73.4 41.4z\"><\/path><\/svg>\t\t\t\t\t\t\t<\/span>\n\t\t\t\t\t\t\t\t\t\t\t\t\t\t\t\t\t\t\t\t<\/div>\n\t\t\t\t\t<\/div>\n\t\t\t\t\t\t\t\t\t<div class=\"elementor-grid-item\" role=\"listitem\">\n\t\t\t\t\t\t<div class=\"elementor-share-btn elementor-share-btn_facebook\" role=\"button\" tabindex=\"0\" aria-label=\"Dela p\u00e5 facebook\">\n\t\t\t\t\t\t\t\t\t\t\t\t\t\t\t<span class=\"elementor-share-btn__icon\">\n\t\t\t\t\t\t\t\t<svg aria-hidden=\"true\" class=\"e-font-icon-svg e-fab-facebook\" viewBox=\"0 0 512 512\" xmlns=\"http:\/\/www.w3.org\/2000\/svg\"><path d=\"M504 256C504 119 393 8 256 8S8 119 8 256c0 123.78 90.69 226.38 209.25 245V327.69h-63V256h63v-54.64c0-62.15 37-96.48 93.67-96.48 27.14 0 55.52 4.84 55.52 4.84v61h-31.28c-30.8 0-40.41 19.12-40.41 38.73V256h68.78l-11 71.69h-57.78V501C413.31 482.38 504 379.78 504 256z\"><\/path><\/svg>\t\t\t\t\t\t\t<\/span>\n\t\t\t\t\t\t\t\t\t\t\t\t\t\t\t\t\t\t\t\t<\/div>\n\t\t\t\t\t<\/div>\n\t\t\t\t\t\t\t\t\t<div class=\"elementor-grid-item\" role=\"listitem\">\n\t\t\t\t\t\t<div class=\"elementor-share-btn elementor-share-btn_x-twitter\" role=\"button\" tabindex=\"0\" aria-label=\"Dela p\u00e5 x-twitter\">\n\t\t\t\t\t\t\t\t\t\t\t\t\t\t\t<span class=\"elementor-share-btn__icon\">\n\t\t\t\t\t\t\t\t<svg aria-hidden=\"true\" class=\"e-font-icon-svg e-fab-x-twitter\" viewBox=\"0 0 512 512\" xmlns=\"http:\/\/www.w3.org\/2000\/svg\"><path d=\"M389.2 48h70.6L305.6 224.2 487 464H345L233.7 318.6 106.5 464H35.8L200.7 275.5 26.8 48H172.4L272.9 180.9 389.2 48zM364.4 421.8h39.1L151.1 88h-42L364.4 421.8z\"><\/path><\/svg>\t\t\t\t\t\t\t<\/span>\n\t\t\t\t\t\t\t\t\t\t\t\t\t\t\t\t\t\t\t\t<\/div>\n\t\t\t\t\t<\/div>\n\t\t\t\t\t\t\t\t\t<div class=\"elementor-grid-item\" role=\"listitem\">\n\t\t\t\t\t\t<div class=\"elementor-share-btn elementor-share-btn_linkedin\" role=\"button\" tabindex=\"0\" aria-label=\"Dela p\u00e5 linkedin\">\n\t\t\t\t\t\t\t\t\t\t\t\t\t\t\t<span class=\"elementor-share-btn__icon\">\n\t\t\t\t\t\t\t\t<svg aria-hidden=\"true\" class=\"e-font-icon-svg e-fab-linkedin\" viewBox=\"0 0 448 512\" xmlns=\"http:\/\/www.w3.org\/2000\/svg\"><path d=\"M416 32H31.9C14.3 32 0 46.5 0 64.3v383.4C0 465.5 14.3 480 31.9 480H416c17.6 0 32-14.5 32-32.3V64.3c0-17.8-14.4-32.3-32-32.3zM135.4 416H69V202.2h66.5V416zm-33.2-243c-21.3 0-38.5-17.3-38.5-38.5S80.9 96 102.2 96c21.2 0 38.5 17.3 38.5 38.5 0 21.3-17.2 38.5-38.5 38.5zm282.1 243h-66.4V312c0-24.8-.5-56.7-34.5-56.7-34.6 0-39.9 27-39.9 54.9V416h-66.4V202.2h63.7v29.2h.9c8.9-16.8 30.6-34.5 62.9-34.5 67.2 0 79.7 44.3 79.7 101.9V416z\"><\/path><\/svg>\t\t\t\t\t\t\t<\/span>\n\t\t\t\t\t\t\t\t\t\t\t\t\t\t\t\t\t\t\t\t<\/div>\n\t\t\t\t\t<\/div>\n\t\t\t\t\t\t<\/div>\n\t\t\t\t\t\t<\/div>\n\t\t\t\t<\/div>\n\t\t\t\t\t<\/div>\n\t\t<\/div>\n\t\t\t\t\t<\/div>\n\t\t<\/section>\n\t\t\t\t<\/div>\n\t\t","protected":false},"excerpt":{"rendered":"<p>Vellinge Parkby \u00e4r ett av de st\u00f6rsta bostadsprojekten n\u00e5gonsin f\u00f6r Vellinge kommun, och innefattar ett 60-tal bost\u00e4der i blandade former. Det ska bli en gr\u00f6n sm\u00e5skalig stadsdel, s\u00e5 kallad tr\u00e4dg\u00e5rdsstad, med stora gr\u00f6nomr\u00e5den. Ny stadsdel Stor satsning p\u00e5 ny stadsdel med bost\u00e4der, park och rekreationsomr\u00e5den En helt ny stadsdel \u2013 Vellinge Parkby \u2013 v\u00e4xer fram [&hellip;]<\/p>\n","protected":false},"author":2,"featured_media":132,"parent":0,"menu_order":0,"comment_status":"closed","ping_status":"closed","template":"elementor_theme","meta":{"footnotes":""},"class_list":["post-170","page","type-page","status-publish","has-post-thumbnail","hentry"],"_links":{"self":[{"href":"https:\/\/vellingevaxer.nu\/index.php\/wp-json\/wp\/v2\/pages\/170","targetHints":{"allow":["GET"]}}],"collection":[{"href":"https:\/\/vellingevaxer.nu\/index.php\/wp-json\/wp\/v2\/pages"}],"about":[{"href":"https:\/\/vellingevaxer.nu\/index.php\/wp-json\/wp\/v2\/types\/page"}],"author":[{"embeddable":true,"href":"https:\/\/vellingevaxer.nu\/index.php\/wp-json\/wp\/v2\/users\/2"}],"replies":[{"embeddable":true,"href":"https:\/\/vellingevaxer.nu\/index.php\/wp-json\/wp\/v2\/comments?post=170"}],"version-history":[{"count":4,"href":"https:\/\/vellingevaxer.nu\/index.php\/wp-json\/wp\/v2\/pages\/170\/revisions"}],"predecessor-version":[{"id":175,"href":"https:\/\/vellingevaxer.nu\/index.php\/wp-json\/wp\/v2\/pages\/170\/revisions\/175"}],"wp:featuredmedia":[{"embeddable":true,"href":"https:\/\/vellingevaxer.nu\/index.php\/wp-json\/wp\/v2\/media\/132"}],"wp:attachment":[{"href":"https:\/\/vellingevaxer.nu\/index.php\/wp-json\/wp\/v2\/media?parent=170"}],"curies":[{"name":"wp","href":"https:\/\/api.w.org\/{rel}","templated":true}]}}